e remainder when r is divided by g?
4
Let n(t) = 5*t - 18. What is the remainder when 35 is divided by n(6)?
11
Suppose 10 = x + 4*x. Let l(j) = -j + 1. Calculate the remainder when 276/36 - x/3 is divided by l(-3).
3
Let f(d) = -4*d - 3. What is the remainder when f(-4) is divided by 1 + -2 + (6 - 2)?
1
Let f = 14 - 27. Let l = f - -16. What is the remainder when 5 is divided by l?
2
Let n(f) = -39*f**3 - 2*f - 1. What is the remainder when n(-1) is divided by 22?
18
Let f(k) = -12*k - 3. Let a(z) = -13*z - 4. Let u(r) = -5*a(r) + 6*f(r). Suppose 3*q - 22 = 23. Calculate the remainder when u(-6) is divided by q.
14
Let v = 0 - -7. Calculate the remainder when 53 is divided by v.
4
Suppose -43 - 7 = -2*t + 2*v, -2*v = -5*t + 131. Suppose 107 = 5*c + 32. Calculate the remainder when t is divided by c.
12
Let r(n) = n**3 + 8*n**2 + 4. Let t be 16/6*9/4. Calculate the remainder when 2/t - (-64)/6 is divided by r(-8).
3
Let j = 1 - 2. Let p = j - -13. Let g = -5 + p. Calculate the remainder when 20 is divided by g.
6
Let m(z) = -z**2 - 19*z + 13. Calculate the remainder when m(-17) is divided by 25.
22
Let h(d) be the second derivative of -d**3/6 + 3*d**2/2 - d. Let x(o) = 4*o**2 + 4*o + 2. Calculate the remainder when x(-2) is divided by h(-3).
4
Let g = 19 - 1. Suppose -3*v = -205 - 2. What is the remainder when v is divided by g?
15
Suppose 0 = -15*a + 8*a + 105. Calculate the remainder when 297 is divided by a.
12
Suppose 0 = 10*x - 6*x - 152. What is the remainder when x is divided by 10?
8
Suppose 0 = -5*g - 3*k + 880 - 234, 3*k + 634 = 5*g. Suppose -h + 2*h = -4*t + g, -11 = -t + 5*h. What is the remainder when t is divided by 16?
15
Let c be 4*1*3/(-12). Calculate the remainder when 46 is divided by (3/1)/(c/(-4)).
10
Suppose -2*x - 85 = -5*s, 3*s + x - 11 - 40 = 0. What is the remainder when 46 is divided by s?
12
Let t(p) = -2 + p + 0 + p. Let n(s) = s - 2. Let b(w) = 2*n(w) - 3*t(w). What is the remainder when 29 is divided by b(-2)?
9
Let l be ((-16)/(-10))/((-5)/50). Let b = -5 - l. What is the remainder when 20 is divided by b?
9
Let a(y) = 5*y**2 - 13*y + 5. Let u(k) = -4*k**2 + 12*k - 5. Let t(r) = -5*a(r) - 6*u(r). What is the remainder when 19 is divided by t(-6)?
8
Suppose -2*z = 0, h - 2*z - 6 = 8. Let w = -3 - 6. Calculate the remainder when (6/w)/(2/(-123)) is divided by h.
13
What is the remainder when ((-3)/3 - 296/(-12))*3 is divided by 24?
23
Let l(z) = -z**3 - 4*z**2 + 4*z - 1. Let g be l(-5). Let p = g + -5. Calculate the remainder when -1 - p - (-2 + -31) is divided by 17.
16
Let h = 51 + -30. Let i = -9 + h. Suppose 0 = -t - 5*y + 45, -3*t + 3*y + 29 = -2*t. What is the remainder when t is divided by i?
11
Suppose 4*m = 4*l - 2*l + 116, 2*l = 3*m - 113. Calculate the remainder when (3 - 2)*l/(-4) is divided by 34/9 + (-2)/(-9).
1
Suppose -6*g + 21 = 3. Calculate the remainder when 4 is divided by g.
1
Let h(r) = -r + 50. Suppose 0*u - 71 = -4*u - 3*c, 0 = -4*u - c + 69. Calculate the remainder when h(0) is divided by u.
16
Let a(u) = 5*u + 12. Let y(d) = 1. Let k(t) = -a(t) + 3*y(t). Let m = -10 - -24. What is the remainder when k(-7) is divided by m?
12
Let l = 24 + -12. Let a = 42 - 25. Suppose -w + 18 = -a. What is the remainder when w is divided by l?
11
Let j be 6/(-33) + (-70)/(-22). Suppose -5*x - 41 = j*d - 171, -2*d + 56 = 2*x. What is the remainder when x is divided by 6?
5
Let c = -1 - -1. Suppose c*v + 9 = v. Let l = v + -4. What is the remainder when 8 is divided by l?
3
Suppose -f = 3*f + 3*h - 29, 0 = -4*f - 5*h + 35. Calculate the remainder when 17 is divided by f.
2
Calculate the remainder when 1/(1 + 34/(-36)) is divided by ((-6)/8)/(-10 + 1970/200).
3
Let t = 111 + -65. Calculate the remainder when t is divided by 24.
22
Let x be (-3)/6 - (-14)/4. Suppose 2*v + 44 = 5*b - 2*v, 4*v - 20 = -x*b. Calculate the remainder when b is divided by 5.
3
Let b(u) = u - 1 + 6*u**2 + u + u**3 + u + 0*u. Calculate the remainder when 16 is divided by b(-5).
7
Let m(q) = q + 7. Let y be m(-6). What is the remainder when (-108)/(-10) + y/5 is divided by 6?
5
Suppose -84 = -3*h - 3*z, 2*h + 3*z - 57 + 0 = 0. What is the remainder when h is divided by 6?
3
Suppose 4 = 2*s, 2*b + 0*s + 4*s - 42 = 0. Let y be 61/(2/(-4) + 1). Suppose 4*z - 142 = y. What is the remainder when z is divided by b?
15
Let k(b) = 6*b**2 - 5*b**2 - 12*b - 15*b**2 - 5 + b**3 - 11. What is the remainder when k(15) is divided by 8?
5
Suppose 0*m = m - 30. What is the remainder when 119 is divided by m?
29
Let v(u) = -u**2 - 10*u - 2. Let r be v(-7). Suppose -4*b = -r - 217. Calculate the remainder when b is divided by (-68)/(-3 + -1) + 3.
19
Let z(t) be the first derivative of -9*t**2 + 2*t + 7. What is the remainder when 56 is divided by z(-1)?
16
Suppose 3*r = 4*x + 14, 2*r + 0*x - x = 6. What is the remainder when 32 is divided by (r + -1)/(3/33)?
10
Let a = 69 + -7. Let d be a/8 + 4/16. Suppose 3*o = 5*f + 34, o - 3*f - 6 - d = 0. What is the remainder when 15 is divided by o?
7
Let b = -21 + 45. Let v = b - 9. Calculate the remainder when 43 is divided by v.
13
Let c(i) = -4 + i + 5 - 2 + 19*i**2 - 6*i**2. Calculate the remainder when c(2) is divided by 18.
17
Suppose 3*b = -3 + 27. Suppose p = a + 34, -b = a - 3*a. Suppose 5*s - 53 = -4*g, -5*g + 4*g + 49 = 4*s. What is the remainder when p is divided by s?
12
Let c(v) = 4*v - 7. Suppose 3*i = u - 2*i - 24, 0 = 3*u + 2*i - 72. Calculate the remainder when u is divided by c(5).
11
Suppose -5*f = -4*f - 74. What is the remainder when f is divided by 22?
8
Let m be (-4)/(-10)*1*5. Suppose 0 = 4*z - 6 + m. Let l = 20 + -19. What is the remainder when l is divided by z?
0
Suppose 0 = -5*i + 5*y + 180, 2*y + 3 = -1. What is the remainder when 51 is divided by i?
17
Let q = -92 + 151. Calculate the remainder when 113 is divided by q.
54
Let c be (-2 - -1)/((-1)/5). Suppose -6*x + c = 2*s - x, -5*x = -s + 25. Let m = 30 - 11. What is the remainder when m is divided by s?
9
Suppose -5*s + 4*k = -110, s - 3*s + 21 = 3*k. What is the remainder when 68 is divided by s?
14
Let q = -8 + 11. Let g(s) = -s**3 - 5*s**2 - 2*s - 2. What is the remainder when g(-5) is divided by q?
2
Suppose 0 = -2*c - 4*a, 0 = 2*c - a - 3 - 2. Suppose 4 + 12 = c*p. Suppose -3*d = -p*d, 5*d - 185 = -5*g. Calculate the remainder when g is divided by 13.
11
Let q(g) = -g - 3. Let k be q(-9). Let s = -2 + k. Calculate the remainder when 6 is divided by s.
2
Calculate the remainder when 107 is divided by (-1 + 16/12)*66.
19
Suppose -4*j + 4 = -4, 5*k - 22 = -j. Suppose -3*r + 67 = -k*n, -2*r + 58 = 7*n - 3*n. Calculate the remainder when r is divided by 9.
7
Let o(x) = -x**3 + 2*x**2 - 3*x + 3. Let a be o(3). Let d = a + 42. What is the remainder when d is divided by 14/(-1 + 1 + 1)?
13
Let o = 121 + -56. Calculate the remainder when o is divided by 23.
19
Let w = 97 - 87. What is the remainder when 67 is divided by w?
7
Let p(m) = 4*m**2 + m - 1. Let z(h) = h**2 - 7*h + 4. Let b be z(6). What is the remainder when -1*(-36 + (b - -1)) is divided by p(-2)?
11
Suppose -2*k + 153 = -8*x + 3*x, 0 = 3*x + k + 83. Let p = -15 - x. Calculate the remainder when p is divided by 5.
4
Suppose -2*t = -5*c + 50, 4*c - 2*c - 5*t - 41 = 0. Let w = 0 - -31. Calculate the remainder when w is divided by c.
7
Let z = -14 + 26. Suppose 34 = x + 3*h, 4*x - x - 58 = 2*h. Calculate the remainder when x is divided by z.
10
Let k(v) = v**2 + 6*v + 2. Let z be k(-7). Calculate the remainder when (-70)/4*(-8)/10 is divided by (-6)/z + (-34)/(-6).
4
Let a(t) be the second derivative of t**4/12 - t**3/3 + 2*t**2 - t. What is the remainder when a(3) is divided by 4/(-24) + 62/12?
2
Suppose 4*f - f - 67 = -4*s, 0 = s + 5*f - 4. What is the remainder when 75 is divided by s?
18
Suppose 4*r = 3*r + 2*d + 10, -4*d + 50 = 5*r. Let y = -112 + 116. What is the remainder when r is divided by y?
2
Suppose 6 = 2*m + m, 4*m - 9 = -w. Calculate the remainder when (4 + -3)/(w/41) is divided by 14.
13
Calculate the remainder when (1/2)/(1/4) is divided by 1.
0
What is the remainder when 8/36 - (-86)/18 is divided by 3 + -2 - (-2)/2?
1
Suppose -12*w - 33 = -15*w. Suppose -20 = z - 6*z. What is the remainder when w is divided by 15/z + (-1)/(-4)?
3
What is the remainder w